[INFO] cloning repository https://github.com/0xflotus/ip2d-rust
[INFO] running `Command { std: "git" "-c" "credential.helper=" "-c" "credential.helper=/workspace/cargo-home/bin/git-credential-null" "clone" "--bare" "https://github.com/0xflotus/ip2d-rust" "/workspace/cache/git-repos/https%3A%2F%2Fgithub.com%2F0xflotus%2Fip2d-rust", kill_on_drop: false }`
[INFO] [stderr] Cloning into bare repository '/workspace/cache/git-repos/https%3A%2F%2Fgithub.com%2F0xflotus%2Fip2d-rust'...
[INFO] running `Command { std: "git" "rev-parse" "HEAD", kill_on_drop: false }`
[INFO] [stdout] 6c632aadbb7ed2e451611bbca4638fb225770dd6
[INFO] checking 0xflotus/ip2d-rust against master#9610dfe5a9a731ced1ea4923ecbd0c57fe367898 for beta-170-4
[INFO] running `Command { std: "git" "clone" "/workspace/cache/git-repos/https%3A%2F%2Fgithub.com%2F0xflotus%2Fip2d-rust" "/workspace/builds/worker-3-tc1/source", kill_on_drop: false }`
[INFO] [stderr] Cloning into '/workspace/builds/worker-3-tc1/source'...
[INFO] [stderr] done.
[INFO] validating manifest of git repo https://github.com/0xflotus/ip2d-rust on toolchain 9610dfe5a9a731ced1ea4923ecbd0c57fe367898
[INFO] running `Command { std: CARGO_HOME="/workspace/cargo-home" RUSTUP_HOME="/workspace/rustup-home" "/workspace/cargo-home/bin/cargo" "+9610dfe5a9a731ced1ea4923ecbd0c57fe367898" "metadata" "--manifest-path" "Cargo.toml" "--no-deps", kill_on_drop: false }`
[INFO] started tweaking git repo https://github.com/0xflotus/ip2d-rust
[INFO] finished tweaking git repo https://github.com/0xflotus/ip2d-rust
[INFO] tweaked toml for git repo https://github.com/0xflotus/ip2d-rust written to /workspace/builds/worker-3-tc1/source/Cargo.toml
[INFO] crate git repo https://github.com/0xflotus/ip2d-rust already has a lockfile, it will not be regenerated
[INFO] running `Command { std: CARGO_HOME="/workspace/cargo-home" RUSTUP_HOME="/workspace/rustup-home" "/workspace/cargo-home/bin/cargo" "+9610dfe5a9a731ced1ea4923ecbd0c57fe367898" "fetch" "--manifest-path" "Cargo.toml", kill_on_drop: false }`
[INFO] [stderr]  Downloading crates ...
[INFO] [stderr]   Downloaded rustix v0.37.4
[INFO] running `Command { std: "docker" "create" "-v" "/var/lib/crater-agent-workspace/builds/worker-3-tc1/target:/opt/rustwide/target:rw,Z" "-v" "/var/lib/crater-agent-workspace/builds/worker-3-tc1/source:/opt/rustwide/workdir:ro,Z" "-v" "/var/lib/crater-agent-workspace/cargo-home:/opt/rustwide/cargo-home:ro,Z" "-v" "/var/lib/crater-agent-workspace/rustup-home:/opt/rustwide/rustup-home:ro,Z" "-e" "SOURCE_DIR=/opt/rustwide/workdir" "-e" "CARGO_TARGET_DIR=/opt/rustwide/target" "-e" "CARGO_HOME=/opt/rustwide/cargo-home" "-e" "RUSTUP_HOME=/opt/rustwide/rustup-home" "-w" "/opt/rustwide/workdir" "-m" "1610612736" "--user" "0:0" "--network" "none" "ghcr.io/rust-lang/crates-build-env/linux@sha256:19e73879b68f455e41552ea35293514db52ea292d993f571636dbffedb77a1ee" "/opt/rustwide/cargo-home/bin/cargo" "+9610dfe5a9a731ced1ea4923ecbd0c57fe367898" "metadata" "--no-deps" "--format-version=1", kill_on_drop: false }`
[INFO] [stdout] 83a8c2d58c8151fbf2f5b1e33128ba462360a226036df0d4608839fab96cbd81
[INFO] running `Command { std: "docker" "start" "-a" "83a8c2d58c8151fbf2f5b1e33128ba462360a226036df0d4608839fab96cbd81", kill_on_drop: false }`
[INFO] running `Command { std: "docker" "inspect" "83a8c2d58c8151fbf2f5b1e33128ba462360a226036df0d4608839fab96cbd81", kill_on_drop: false }`
[INFO] running `Command { std: "docker" "rm" "-f" "83a8c2d58c8151fbf2f5b1e33128ba462360a226036df0d4608839fab96cbd81", kill_on_drop: false }`
[INFO] [stdout] 83a8c2d58c8151fbf2f5b1e33128ba462360a226036df0d4608839fab96cbd81
[INFO] running `Command { std: "docker" "create" "-v" "/var/lib/crater-agent-workspace/builds/worker-3-tc1/target:/opt/rustwide/target:rw,Z" "-v" "/var/lib/crater-agent-workspace/builds/worker-3-tc1/source:/opt/rustwide/workdir:ro,Z" "-v" "/var/lib/crater-agent-workspace/cargo-home:/opt/rustwide/cargo-home:ro,Z" "-v" "/var/lib/crater-agent-workspace/rustup-home:/opt/rustwide/rustup-home:ro,Z" "-e" "SOURCE_DIR=/opt/rustwide/workdir" "-e" "CARGO_TARGET_DIR=/opt/rustwide/target" "-e" "CARGO_INCREMENTAL=0" "-e" "RUST_BACKTRACE=full" "-e" "RUSTFLAGS=--cap-lints=forbid" "-e" "RUSTDOCFLAGS=--cap-lints=forbid" "-e" "CARGO_HOME=/opt/rustwide/cargo-home" "-e" "RUSTUP_HOME=/opt/rustwide/rustup-home" "-w" "/opt/rustwide/workdir" "-m" "1610612736" "--user" "0:0" "--network" "none" "ghcr.io/rust-lang/crates-build-env/linux@sha256:19e73879b68f455e41552ea35293514db52ea292d993f571636dbffedb77a1ee" "/opt/rustwide/cargo-home/bin/cargo" "+9610dfe5a9a731ced1ea4923ecbd0c57fe367898" "check" "--frozen" "--all" "--all-targets" "--message-format=json", kill_on_drop: false }`
[INFO] [stdout] 8e4f46967b59442d14823cf7a07e01d38e930d4a9530ad27fbcebc8631a8f7af
[INFO] running `Command { std: "docker" "start" "-a" "8e4f46967b59442d14823cf7a07e01d38e930d4a9530ad27fbcebc8631a8f7af", kill_on_drop: false }`
[INFO] [stderr]    Compiling libc v0.2.140
[INFO] [stderr]    Compiling io-lifetimes v1.0.1
[INFO] [stderr]    Compiling bitflags v1.2.1
[INFO] [stderr]    Compiling rustix v0.37.4
[INFO] [stderr]     Checking linux-raw-sys v0.3.0
[INFO] [stderr]     Checking utf8parse v0.2.1
[INFO] [stderr]     Checking anstyle-query v1.0.0
[INFO] [stderr]     Checking colorchoice v1.0.0
[INFO] [stderr]     Checking anstyle v1.0.0
[INFO] [stderr]     Checking anstyle-parse v0.2.0
[INFO] [stderr]     Checking clap_lex v0.4.0
[INFO] [stderr]     Checking strsim v0.10.0
[INFO] [stderr]     Checking is-terminal v0.4.6
[INFO] [stderr]     Checking anstream v0.3.0
[INFO] [stderr]     Checking clap_builder v4.2.2
[INFO] [stderr]     Checking clap v4.2.2
[INFO] [stderr]     Checking ip2d v0.3.0 (/opt/rustwide/workdir)
[INFO] [stdout] error[E0599]: no method named `takes_value` found for struct `Arg` in the current scope
[INFO] [stdout]   --> src/main.rs:18:18
[INFO] [stdout]    |
[INFO] [stdout] 15 | /             Arg::new("reverse")
[INFO] [stdout] 16 | |                 .short('r')
[INFO] [stdout] 17 | |                 .long("reverse")
[INFO] [stdout] 18 | |                 .takes_value(true)
[INFO] [stdout]    | |                 -^^^^^^^^^^^ method not found in `Arg`
[INFO] [stdout]    | |_________________|
[INFO] [stdout]    | 
[INFO] [stdout] 
[INFO] [stdout] 
[INFO] [stdout] error[E0599]: no method named `takes_value` found for struct `Arg` in the current scope
[INFO] [stdout]   --> src/main.rs:18:18
[INFO] [stdout]    |
[INFO] [stdout] 15 | /             Arg::new("reverse")
[INFO] [stdout] 16 | |                 .short('r')
[INFO] [stdout] 17 | |                 .long("reverse")
[INFO] [stdout] 18 | |                 .takes_value(true)
[INFO] [stdout]    | |                 -^^^^^^^^^^^ method not found in `Arg`
[INFO] [stdout]    | |_________________|
[INFO] [stdout]    | 
[INFO] [stdout] 
[INFO] [stdout] 
[INFO] [stdout] error[E0599]: no method named `takes_value` found for struct `Arg` in the current scope
[INFO] [stdout]   --> src/main.rs:26:18
[INFO] [stdout]    |
[INFO] [stdout] 23 | /             Arg::new("hex")
[INFO] [stdout] 24 | |                 .short('x')
[INFO] [stdout] 25 | |                 .long("hex")
[INFO] [stdout] 26 | |                 .takes_value(false)
[INFO] [stdout]    | |                 -^^^^^^^^^^^ method not found in `Arg`
[INFO] [stdout]    | |_________________|
[INFO] [stdout]    | 
[INFO] [stdout] 
[INFO] [stdout] 
[INFO] [stdout] error[E0599]: no method named `takes_value` found for struct `Arg` in the current scope
[INFO] [stdout]   --> src/main.rs:26:18
[INFO] [stdout]    |
[INFO] [stdout] 23 | /             Arg::new("hex")
[INFO] [stdout] 24 | |                 .short('x')
[INFO] [stdout] 25 | |                 .long("hex")
[INFO] [stdout] 26 | |                 .takes_value(false)
[INFO] [stdout]    | |                 -^^^^^^^^^^^ method not found in `Arg`
[INFO] [stdout]    | |_________________|
[INFO] [stdout]    | 
[INFO] [stdout] 
[INFO] [stdout] 
[INFO] [stdout] error[E0599]: no method named `is_present` found for struct `ArgMatches` in the current scope
[INFO] [stdout]   --> src/main.rs:31:16
[INFO] [stdout]    |
[INFO] [stdout] 31 |     if matches.is_present("reverse") {
[INFO] [stdout]    |                ^^^^^^^^^^ help: there is a method with a similar name: `args_present`
[INFO] [stdout] 
[INFO] [stdout] 
[INFO] [stdout] error[E0599]: no method named `is_present` found for struct `ArgMatches` in the current scope
[INFO] [stdout]   --> src/main.rs:31:16
[INFO] [stdout]    |
[INFO] [stdout] 31 |     if matches.is_present("reverse") {
[INFO] [stdout]    |                ^^^^^^^^^^ help: there is a method with a similar name: `args_present`
[INFO] [stdout] 
[INFO] [stdout] 
[INFO] [stdout] error[E0599]: no method named `value_of` found for struct `ArgMatches` in the current scope
[INFO] [stdout]   --> src/main.rs:32:39
[INFO] [stdout]    |
[INFO] [stdout] 32 |         if let Some(number) = matches.value_of("reverse") {
[INFO] [stdout]    |                                       ^^^^^^^^ method not found in `ArgMatches`
[INFO] [stdout] 
[INFO] [stdout] 
[INFO] [stdout] error[E0599]: no method named `value_of` found for struct `ArgMatches` in the current scope
[INFO] [stdout]   --> src/main.rs:32:39
[INFO] [stdout]    |
[INFO] [stdout] 32 |         if let Some(number) = matches.value_of("reverse") {
[INFO] [stdout]    |                                       ^^^^^^^^ method not found in `ArgMatches`
[INFO] [stdout] 
[INFO] [stdout] 
[INFO] [stdout] error[E0599]: no method named `value_of` found for struct `ArgMatches` in the current scope
[INFO] [stdout]   --> src/main.rs:44:31
[INFO] [stdout]    |
[INFO] [stdout] 44 |     if let Some(ip) = matches.value_of("ip") {
[INFO] [stdout]    |                               ^^^^^^^^ method not found in `ArgMatches`
[INFO] [stdout] 
[INFO] [stdout] 
[INFO] [stdout] error[E0599]: no method named `value_of` found for struct `ArgMatches` in the current scope
[INFO] [stdout]   --> src/main.rs:44:31
[INFO] [stdout]    |
[INFO] [stdout] 44 |     if let Some(ip) = matches.value_of("ip") {
[INFO] [stdout]    |                               ^^^^^^^^ method not found in `ArgMatches`
[INFO] [stdout] 
[INFO] [stdout] 
[INFO] [stdout] error[E0599]: no method named `is_present` found for struct `ArgMatches` in the current scope
[INFO] [stdout]   --> src/main.rs:49:20
[INFO] [stdout]    |
[INFO] [stdout] 49 |         if matches.is_present("hex") {
[INFO] [stdout]    |                    ^^^^^^^^^^ help: there is a method with a similar name: `args_present`
[INFO] [stdout] 
[INFO] [stdout] 
[INFO] [stdout] error[E0599]: no method named `is_present` found for struct `ArgMatches` in the current scope
[INFO] [stdout]   --> src/main.rs:49:20
[INFO] [stdout]    |
[INFO] [stdout] 49 |         if matches.is_present("hex") {
[INFO] [stdout]    |                    ^^^^^^^^^^ help: there is a method with a similar name: `args_present`
[INFO] [stdout] 
[INFO] [stdout] 
[INFO] [stdout] error: aborting due to 6 previous errors
[INFO] [stdout] 
[INFO] [stdout] 
[INFO] [stdout] For more information about this error, try `rustc --explain E0599`.
[INFO] [stdout] 
[INFO] [stdout] error: aborting due to 6 previous errors
[INFO] [stdout] 
[INFO] [stdout] 
[INFO] [stdout] For more information about this error, try `rustc --explain E0599`.
[INFO] [stdout] 
[INFO] [stderr] error: could not compile `ip2d` (bin "ip2d") due to 7 previous errors
[INFO] [stderr] warning: build failed, waiting for other jobs to finish...
[INFO] [stderr] error: could not compile `ip2d` (bin "ip2d" test) due to 7 previous errors
[INFO] running `Command { std: "docker" "inspect" "8e4f46967b59442d14823cf7a07e01d38e930d4a9530ad27fbcebc8631a8f7af", kill_on_drop: false }`
[INFO] running `Command { std: "docker" "rm" "-f" "8e4f46967b59442d14823cf7a07e01d38e930d4a9530ad27fbcebc8631a8f7af", kill_on_drop: false }`
[INFO] [stdout] 8e4f46967b59442d14823cf7a07e01d38e930d4a9530ad27fbcebc8631a8f7af
